5601?
2
What is the hundred thousands digit of 6688752?
6
What is the hundreds digit of 12785524?
5
What is the millions digit of 5528771?
5
What is the thousands digit of 149659?
9
What is the tens digit of 7693523?
2
What is the hundreds digit of 2392558?
5
What is the hundred thousands digit of 25536840?
5
What is the thousands digit of 274860?
4
What is the units digit of 6898952?
2
What is the tens digit of 1705062?
6
What is the tens digit of 7595029?
2
What is the hundreds digit of 1846377?
3
What is the millions digit of 4791108?
4
What is the hundreds digit of 2920289?
2
What is the hundred thousands digit of 1262000?
2
What is the units digit of 885349?
9
What is the thousands digit of 43739?
3
What is the thousands digit of 18145382?
5
What is the hundred thousands digit of 8596995?
5
What is the units digit of 980793?
3
What is the units digit of 24138969?
9
What is the units digit of 2274254?
4
What is the units digit of 357030?
0
What is the tens digit of 1174512?
1
What is the hundred thousands digit of 15052508?
0
What is the hundred thousands digit of 7641800?
6
What is the units digit of 16615907?
7
What is the units digit of 14550403?
3
What is the thousands digit of 7171897?
1
What is the ten thousands digit of 417368?
1
What is the thousands digit of 390574?
0
What is the hundred thousands digit of 3128209?
1
What is the hundred thousands digit of 3390709?
3
What is the hundred thousands digit of 4067727?
0
What is the units digit of 609523?
3
What is the units digit of 14216975?
5
What is the hundred thousands digit of 184811?
1
What is the ten thousands digit of 305994?
0
What is the units digit of 2857099?
9
What is the hundreds digit of 15998?
9
What is the tens digit of 57894?
9
What is the units digit of 27850353?
3
What is the hundred thousands digit of 200903?
2
What is the tens digit of 15180088?
8
What is the hundreds digit of 336377?
3
What is the thousands digit of 622293?
2
What is the hundred thousands digit of 972052?
9
What is the hundred thousands digit of 560455?
5
What is the units digit of 104710?
0
What is the tens digit of 253599?
9
What is the ten thousands digit of 179613?
7
What is the tens digit of 140543?
4
What is the thousands digit of 8862440?
2
What is the units digit of 258731?
1
What is the hundreds digit of 8398961?
9
What is the ten thousands digit of 2288298?
8
What is the tens digit of 426930?
3
What is the units digit of 274065?
5
What is the hundred thousands digit of 781843?
7
What is the ten thousands digit of 1165988?
6
What is the units digit of 384284?
4
What is the units digit of 9191426?
6
What is the hundreds digit of 109393?
3
What is the units digit of 1552154?
4
What is the hundred thousands digit of 19929347?
9
What is the tens digit of 1051127?
2
What is the hundred thousands digit of 14935629?
9
What is the hundreds digit of 243015?
0
What is the ten thousands digit of 212685?
1
What is the hundreds digit of 294839?
8
What is the units digit of 21549644?
4
What is the hundred thousands digit of 21336108?
3
What is the tens digit of 12712362?
6
What is the millions digit of 3369717?
3
What is the thousands digit of 839898?
9
What is the tens digit of 2547741?
4
What is the ten thousands digit of 688249?
8
What is the thousands digit of 9855?
9
What is the hundred thousands digit of 456249?
4
What is the units digit of 5571357?
7
What is the thousands digit of 14940606?
0
What is the units digit of 260446?
6
What is the hundreds digit of 11483667?
6
What is the millions digit of 1910386?
1
What is the ten thousands digit of 2145823?
4
What is the units digit of 2004497?
7
What is the hundred thousands digit of 3178240?
1
What is the thousands digit of 374932?
4
What is the thousands digit of 109111?
9
What is the ten thousands digit of 428533?
2
What is the millions digit of 19350341?
9
What is the thousands digit of 663305?
3
What is the tens digit of 570424?
2
What is the thousands digit of 18958412?
8
What is the tens digit of 485654?
5
What is the thousands digit of 367317?
7
What is the tens digit of 5933372?
7
What is the hundreds digit of 56525?
5
What is the hundreds digit of 1557629?
6
What is the thousands digit of 30911901?
1
What is the thousands digit of 210180?
0
What is the units digit of 154664?
4
What is the thousands digit of 20672289?
2
What is the millions digit of 1187606?
1
What is the hundred thousands digit of 2026421?
0
What is the tens digit of 1389559?
5
What is the units digit of 109828?
8
What is the tens digit of 12783102?
0
What is the hundreds digit of 947995?
9
What is the hundreds digit of 1112611?
6
What is the ten thousands digit of 102033?
0
What is the hundreds digit of 73756?
7
What is the hundred thousands digit of 366777?
3
What is the thousands digit of 224645?
4
What is the hundred thousands digit of 248246?
2
What is the ten thousands digit of 283913?
8
What is the hundred thousands digit of 10197133?
1
What is the hundred thousands digit of 2679435?
6
What is the tens digit of 2189273?
7
What is the hundreds digit of 11271213?
2
What is the millions digit of 6236946?
6
What is the hundreds digit of 39435106?
1
What is the hundreds digit of 792672?
6
What is the thousands digit of 15450437?
0
What is the tens digit of 491842?
4
What is the ten thousands digit of 1188896?
8
What is the hundreds digit of 32106572?
5
What is the ten millions digit of 41886876?
4
What is the units digit of 483810?
0
What is the hundreds digit of 14210977?
9
What is the ten thousands digit of 48551?
4
What is the tens digit of 3607925?
2
What is the hundreds digit of 3556533?
5
What is the ten thousands digit of 10431?
1
What is the thousands digit of 1623480?
3
What is the tens digit of 207993?
9
What is the ten thousands digit of 722569?
2
What is the ten thousands digit of 110781?
1
What is the ten millions digit of 10083527?
1
What is the hundreds digit of 368115?
1
What is the units digit of 16205649?
9
What is the hundreds digit of 178356?
3
What is the units digit of 938231?
1
What is the hundreds digit of 788857?
8
What is the tens digit of 6773021?
2
What is the units digit of 975299?
9
What is the ten millions digit of 15717626?
1
What is the units digit of 158306?
6
What is the units digit of 8808411?
1
What is the units digit of 802863?
3
What is the hundreds digit of 5195347?
3
What is the millions digit of 11982167?
1
What is the millions digit of 10179379?
0
What is the tens digit of 2987382?
8
What is the units digit of 235288?
8
What is the ten thousands digit of 2345237?
4
What is the thousands digit of 421000?
1
What is the thousands digit of 1061579?
1
What is the units digit of 43948?
8
What is the units digit of 56670?
0
What is the hundreds digit of 870880?
8
What is the ten thousands digit of 10932438?
3
What is the hundred thousands digit of 834276?
8
What is the units digit of 663742?
2
What is the units digit of 27621?
1
What is the tens digit of 426418?
1
What is the tens digit of 356531?
3
What is the ten thousands digit of 150717?
5
What is the tens digit of 7515413?
1
What is the millions digit of 1014447?
1
What is the ten millions digit of 19481683?
1
What is the tens digit of 2422788?
8
What is the hundred thousands digit of 793387?
7
What is the ten thousands digit of 5289805?
8
What is the tens digit of 15445550?
5
What is the hundred thousands digit of 3586563?
5
What is the ten thousands digit of 79514?
7
What is the ten thousands digit of 1222212?
2
What is the ten thousands digit of 2048879?
4
What is the millions digit of 1029234?
1
What is the hundreds digit of 647186?
1
What is the millions digit of 1180104?
1
What is the hundred thousands digit of 267459?
2
What is the hundreds digit of 796188?
1
What is the units digit of 1338650?
0
What is the hundreds digit of 4405943?
9
What is the thousands digit of 13380922?
0
What is the tens digit of 177001?
0
What is the tens digit of 129532?
3
What is the ten thousands digit of 7522371?
2
What is the tens digit of 133799?
9
What is the tens digit of 2361927?
2
What is the millions digit of 5486560?
5
What is the hundreds digit of 16477816?
8
What is the thousands digit of 4223421?
3
What is the hundred thousands digit of 472546?
4
What is the tens digit of 711